{"id":2516,"date":"2019-02-05T17:12:04","date_gmt":"2019-02-05T17:12:04","guid":{"rendered":"https:\/\/the-art-studio.com\/wp-content\/uploads\/2019\/02\/auvers.jpg"},"modified":"2019-02-05T17:12:04","modified_gmt":"2019-02-05T17:12:04","slug":"auvers","status":"inherit","type":"attachment","link":"https:\/\/the-art-studio.com\/?attachment_id=2516","title":{"rendered":"auvers"},"author":1,"featured_media":0,"comment_status":"closed","ping_status":"closed","template":"","meta":[],"class_list":["post-2516","attachment","type-attachment","status-inherit","hentry"],"jetpack_sharing_enabled":true,"jetpack_shortlink":"https:\/\/wp.me\/agVvyR-EA","jetpack_likes_enabled":true,"description":{"rendered":"<p class=\"attachment\"><a href='https:\/\/the-art-studio.com\/wp-content\/uploads\/2019\/02\/auvers.jpg'><img loading=\"lazy\" decoding=\"async\" width=\"75\" height=\"60\" src=\"https:\/\/the-art-studio.com\/wp-content\/uploads\/2019\/02\/auvers-75x60.jpg\" class=\"attachment-medium size-medium\" alt=\"\" srcset=\"https:\/\/the-art-studio.com\/wp-content\/uploads\/2019\/02\/auvers-75x60.jpg 75w, https:\/\/the-art-studio.com\/wp-content\/uploads\/2019\/02\/auvers-200x159.jpg 200w, https:\/\/the-art-studio.com\/wp-content\/uploads\/2019\/02\/auvers-300x239.jpg 300w, https:\/\/the-art-studio.com\/wp-content\/uploads\/2019\/02\/auvers.jpg 600w\" sizes=\"auto, (max-width: 75px) 100vw, 75px\" data-attachment-id=\"2516\" data-permalink=\"https:\/\/the-art-studio.com\/?attachment_id=2516\" data-orig-file=\"https:\/\/the-art-studio.com\/wp-content\/uploads\/2019\/02\/auvers.jpg\" data-orig-size=\"600,477\" data-comments-opened=\"0\" data-image-meta=\"{&quot;aperture&quot;:&quot;0&quot;,&quot;credit&quot;:&quot;&quot;,&quot;camera&quot;:&quot;&quot;,&quot;caption&quot;:&quot;taiteilija: Gogh, Vincent van\\nInventaarionro A I 755\\nteosnimi: Katu, Auvers-sur-Oise\\nhaltija: AT\\nkokoelma: Antell\\najoitus: 1890\\ntekniikkateksti: \\u00f6ljy kankaalle\\np\\u00e4\\u00e4luokka: maalaus\\naihe: RAKENNETTU MAISEMA; maalaismaisema; tie; Auvers-sur-Oise; Ranska\\nmitat: 73,5 cm x 92,5 cm\\nDigikuvanro X0025002\\noriginaalin valokuvaus 2014-08-20\\nvalokuvaaja: Eweis, Yehia\\ndigiluokitus: digioriginaali\\nsis\\u00e4lt\\u00f6kuvaus: Teosta valaistu normaalivalaistuksen lis\\u00e4ksi yl\\u00e4viistosta; strukruuri n\\u00e4kyy\\ndigitointilaite: Hasselblad H5D-50MS\\nkuvank\\u00e4sittelyohjelmisto: Photoshop cs6&quot;,&quot;created_timestamp&quot;:&quot;0&quot;,&quot;copyright&quot;:&quot;Finnish National Gallery&quot;,&quot;focal_length&quot;:&quot;0&quot;,&quot;iso&quot;:&quot;0&quot;,&quot;shutter_speed&quot;:&quot;0&quot;,&quot;title&quot;:&quot;&quot;,&quot;orientation&quot;:&quot;0&quot;}\" data-image-title=\"auvers\" data-image-description=\"\" data-image-caption=\"&lt;p&gt;taiteilija: Gogh, Vincent van&lt;br \/&gt;\nInventaarionro A I 755&lt;br \/&gt;\nteosnimi: Katu, Auvers-sur-Oise&lt;br \/&gt;\nhaltija: AT&lt;br \/&gt;\nkokoelma: Antell&lt;br \/&gt;\najoitus: 1890&lt;br \/&gt;\ntekniikkateksti: \u00f6ljy kankaalle&lt;br \/&gt;\np\u00e4\u00e4luokka: maalaus&lt;br \/&gt;\naihe: RAKENNETTU MAISEMA; maalaismaisema; tie; Auvers-sur-Oise; Ranska&lt;br \/&gt;\nmitat: 73,5 cm x 92,5 cm&lt;br \/&gt;\nDigikuvanro X0025002&lt;br \/&gt;\noriginaalin valokuvaus 2014-08-20&lt;br \/&gt;\nvalokuvaaja: Eweis, Yehia&lt;br \/&gt;\ndigiluokitus: digioriginaali&lt;br \/&gt;\nsis\u00e4lt\u00f6kuvaus: Teosta valaistu normaalivalaistuksen lis\u00e4ksi yl\u00e4viistosta; strukruuri n\u00e4kyy&lt;br \/&gt;\ndigitointilaite: Hasselblad H5D-50MS&lt;br \/&gt;\nkuvank\u00e4sittelyohjelmisto: Photoshop cs6&lt;\/p&gt;\n\" data-medium-file=\"https:\/\/the-art-studio.com\/wp-content\/uploads\/2019\/02\/auvers-75x60.jpg\" data-large-file=\"https:\/\/the-art-studio.com\/wp-content\/uploads\/2019\/02\/auvers.jpg\" tabindex=\"0\" role=\"button\" \/><\/a><\/p>\n"},"caption":{"rendered":"<p>taiteilija: Gogh, Vincent van<br \/>\nInventaarionro A I 755<br \/>\nteosnimi: Katu, Auvers-sur-Oise<br \/>\nhaltija: AT<br \/>\nkokoelma: Antell<br \/>\najoitus: 1890<br \/>\ntekniikkateksti: \u00f6ljy kankaalle<br \/>\np\u00e4\u00e4luokka: maalaus<br \/>\naihe: RAKENNETTU MAISEMA; maalaismaisema; tie; Auvers-sur-Oise; Ranska<br \/>\nmitat: 73,5 cm x 92,5 cm<br \/>\nDigikuvanro X0025002<br \/>\noriginaalin valokuvaus 2014-08-20<br \/>\nvalokuvaaja: Eweis, Yehia<br \/>\ndigiluokitus: digioriginaali<br \/>\nsis\u00e4lt\u00f6kuvaus: Teosta valaistu normaalivalaistuksen lis\u00e4ksi yl\u00e4viistosta; strukruuri n\u00e4kyy<br \/>\ndigitointilaite: Hasselblad H5D-50MS<br \/>\nkuvank\u00e4sittelyohjelmisto: Photoshop cs6<\/p>\n"},"alt_text":"","media_type":"image","mime_type":"image\/jpeg","media_details":{"width":600,"height":477,"file":"2019\/02\/auvers.jpg","sizes":{"thumbnail":{"file":"auvers-150x150.jpg","width":150,"height":150,"mime_type":"image\/jpeg","source_url":"https:\/\/the-art-studio.com\/wp-content\/uploads\/2019\/02\/auvers-150x150.jpg"},"medium":{"file":"auvers-75x60.jpg","width":75,"height":60,"mime_type":"image\/jpeg","source_url":"https:\/\/the-art-studio.com\/wp-content\/uploads\/2019\/02\/auvers-75x60.jpg"},"post-thumbnail":{"file":"auvers-600x270.jpg","width":600,"height":270,"mime_type":"image\/jpeg","source_url":"https:\/\/the-art-studio.com\/wp-content\/uploads\/2019\/02\/auvers-600x270.jpg"},"woocommerce_thumbnail":{"file":"auvers-200x159.jpg","width":200,"height":159,"uncropped":true,"mime_type":"image\/jpeg","source_url":"https:\/\/the-art-studio.com\/wp-content\/uploads\/2019\/02\/auvers-200x159.jpg"},"woocommerce_single":{"file":"auvers-300x239.jpg","width":300,"height":239,"mime_type":"image\/jpeg","source_url":"https:\/\/the-art-studio.com\/wp-content\/uploads\/2019\/02\/auvers-300x239.jpg"},"woocommerce_gallery_thumbnail":{"file":"auvers-100x100.jpg","width":100,"height":100,"mime_type":"image\/jpeg","source_url":"https:\/\/the-art-studio.com\/wp-content\/uploads\/2019\/02\/auvers-100x100.jpg"},"shop_catalog":{"file":"auvers-200x159.jpg","width":200,"height":159,"mime_type":"image\/jpeg","source_url":"https:\/\/the-art-studio.com\/wp-content\/uploads\/2019\/02\/auvers-200x159.jpg"},"shop_single":{"file":"auvers-300x239.jpg","width":300,"height":239,"mime_type":"image\/jpeg","source_url":"https:\/\/the-art-studio.com\/wp-content\/uploads\/2019\/02\/auvers-300x239.jpg"},"shop_thumbnail":{"file":"auvers-100x100.jpg","width":100,"height":100,"mime_type":"image\/jpeg","source_url":"https:\/\/the-art-studio.com\/wp-content\/uploads\/2019\/02\/auvers-100x100.jpg"},"jetpack-portfolio-admin-thumb":{"file":"auvers-50x50.jpg","width":50,"height":50,"mime_type":"image\/jpeg","source_url":"https:\/\/the-art-studio.com\/wp-content\/uploads\/2019\/02\/auvers-50x50.jpg"},"full":{"file":"auvers.jpg","width":600,"height":477,"mime_type":"image\/jpeg","source_url":"https:\/\/the-art-studio.com\/wp-content\/uploads\/2019\/02\/auvers.jpg"}},"image_meta":{"aperture":"0","credit":"","camera":"","caption":"taiteilija: Gogh, Vincent van\nInventaarionro A I 755\nteosnimi: Katu, Auvers-sur-Oise\nhaltija: AT\nkokoelma: Antell\najoitus: 1890\ntekniikkateksti: \u00f6ljy kankaalle\np\u00e4\u00e4luokka: maalaus\naihe: RAKENNETTU MAISEMA; maalaismaisema; tie; Auvers-sur-Oise; Ranska\nmitat: 73,5 cm x 92,5 cm\nDigikuvanro X0025002\noriginaalin valokuvaus 2014-08-20\nvalokuvaaja: Eweis, Yehia\ndigiluokitus: digioriginaali\nsis\u00e4lt\u00f6kuvaus: Teosta valaistu normaalivalaistuksen lis\u00e4ksi yl\u00e4viistosta; strukruuri n\u00e4kyy\ndigitointilaite: Hasselblad H5D-50MS\nkuvank\u00e4sittelyohjelmisto: Photoshop cs6","created_timestamp":"0","copyright":"Finnish National Gallery","focal_length":"0","iso":"0","shutter_speed":"0","title":"","orientation":"0","keywords":["ateneum","maalaus"]}},"post":null,"source_url":"https:\/\/the-art-studio.com\/wp-content\/uploads\/2019\/02\/auvers.jpg","_links":{"self":[{"href":"https:\/\/the-art-studio.com\/index.php?rest_route=\/wp\/v2\/media\/2516","targetHints":{"allow":["GET"]}}],"collection":[{"href":"https:\/\/the-art-studio.com\/index.php?rest_route=\/wp\/v2\/media"}],"about":[{"href":"https:\/\/the-art-studio.com\/index.php?rest_route=\/wp\/v2\/types\/attachment"}],"author":[{"embeddable":true,"href":"https:\/\/the-art-studio.com\/index.php?rest_route=\/wp\/v2\/users\/1"}],"replies":[{"embeddable":true,"href":"https:\/\/the-art-studio.com\/index.php?rest_route=%2Fwp%2Fv2%2Fcomments&post=2516"}]}}

<p class="attachment"><a href='https://the-art-studio.com/wp-content/uploads/2019/02/auvers.jpg'><img loading="lazy" decoding="async" width="75" height="60" src="https://the-art-studio.com/wp-content/uploads/2019/02/auvers-75x60.jpg" class="attachment-medium size-medium" alt="" srcset="https://the-art-studio.com/wp-content/uploads/2019/02/auvers-75x60.jpg 75w, https://the-art-studio.com/wp-content/uploads/2019/02/auvers-200x159.jpg 200w, https://the-art-studio.com/wp-content/uploads/2019/02/auvers-300x239.jpg 300w, https://the-art-studio.com/wp-content/uploads/2019/02/auvers.jpg 600w" sizes="auto, (max-width: 75px) 100vw, 75px" data-attachment-id="2516" data-permalink="https://the-art-studio.com/?attachment_id=2516" data-orig-file="https://the-art-studio.com/wp-content/uploads/2019/02/auvers.jpg" data-orig-size="600,477" data-comments-opened="0" data-image-meta="{&quot;aperture&quot;:&quot;0&quot;,&quot;credit&quot;:&quot;&quot;,&quot;camera&quot;:&quot;&quot;,&quot;caption&quot;:&quot;taiteilija: Gogh, Vincent van\nInventaarionro A I 755\nteosnimi: Katu, Auvers-sur-Oise\nhaltija: AT\nkokoelma: Antell\najoitus: 1890\ntekniikkateksti: \u00f6ljy kankaalle\np\u00e4\u00e4luokka: maalaus\naihe: RAKENNETTU MAISEMA; maalaismaisema; tie; Auvers-sur-Oise; Ranska\nmitat: 73,5 cm x 92,5 cm\nDigikuvanro X0025002\noriginaalin valokuvaus 2014-08-20\nvalokuvaaja: Eweis, Yehia\ndigiluokitus: digioriginaali\nsis\u00e4lt\u00f6kuvaus: Teosta valaistu normaalivalaistuksen lis\u00e4ksi yl\u00e4viistosta; strukruuri n\u00e4kyy\ndigitointilaite: Hasselblad H5D-50MS\nkuvank\u00e4sittelyohjelmisto: Photoshop cs6&quot;,&quot;created_timestamp&quot;:&quot;0&quot;,&quot;copyright&quot;:&quot;Finnish National Gallery&quot;,&quot;focal_length&quot;:&quot;0&quot;,&quot;iso&quot;:&quot;0&quot;,&quot;shutter_speed&quot;:&quot;0&quot;,&quot;title&quot;:&quot;&quot;,&quot;orientation&quot;:&quot;0&quot;}" data-image-title="auvers" data-image-description="" data-image-caption="&lt;p&gt;taiteilija: Gogh, Vincent van&lt;br /&gt;
Inventaarionro A I 755&lt;br /&gt;
teosnimi: Katu, Auvers-sur-Oise&lt;br /&gt;
haltija: AT&lt;br /&gt;
kokoelma: Antell&lt;br /&gt;
ajoitus: 1890&lt;br /&gt;
tekniikkateksti: öljy kankaalle&lt;br /&gt;
pääluokka: maalaus&lt;br /&gt;
aihe: RAKENNETTU MAISEMA; maalaismaisema; tie; Auvers-sur-Oise; Ranska&lt;br /&gt;
mitat: 73,5 cm x 92,5 cm&lt;br /&gt;
Digikuvanro X0025002&lt;br /&gt;
originaalin valokuvaus 2014-08-20&lt;br /&gt;
valokuvaaja: Eweis, Yehia&lt;br /&gt;
digiluokitus: digioriginaali&lt;br /&gt;
sisältökuvaus: Teosta valaistu normaalivalaistuksen lisäksi yläviistosta; strukruuri näkyy&lt;br /&gt;
digitointilaite: Hasselblad H5D-50MS&lt;br /&gt;
kuvankäsittelyohjelmisto: Photoshop cs6&lt;/p&gt;
" data-medium-file="https://the-art-studio.com/wp-content/uploads/2019/02/auvers-75x60.jpg" data-large-file="https://the-art-studio.com/wp-content/uploads/2019/02/auvers.jpg" tabindex="0" role="button" /></a></p>

<p>taiteilija: Gogh, Vincent van<br />
Inventaarionro A I 755<br />
teosnimi: Katu, Auvers-sur-Oise<br />
haltija: AT<br />
kokoelma: Antell<br />
ajoitus: 1890<br />
tekniikkateksti: öljy kankaalle<br />
pääluokka: maalaus<br />
aihe: RAKENNETTU MAISEMA; maalaismaisema; tie; Auvers-sur-Oise; Ranska<br />
mitat: 73,5 cm x 92,5 cm<br />
Digikuvanro X0025002<br />
originaalin valokuvaus 2014-08-20<br />
valokuvaaja: Eweis, Yehia<br />
digiluokitus: digioriginaali<br />
sisältökuvaus: Teosta valaistu normaalivalaistuksen lisäksi yläviistosta; strukruuri näkyy<br />
digitointilaite: Hasselblad H5D-50MS<br />
kuvankäsittelyohjelmisto: Photoshop cs6</p>

taiteilija: Gogh, Vincent van
Inventaarionro A I 755
teosnimi: Katu, Auvers-sur-Oise
haltija: AT
kokoelma: Antell
ajoitus: 1890
tekniikkateksti: öljy kankaalle
pääluokka: maalaus
aihe: RAKENNETTU MAISEMA; maalaismaisema; tie; Auvers-sur-Oise; Ranska
mitat: 73,5 cm x 92,5 cm
Digikuvanro X0025002
originaalin valokuvaus 2014-08-20
valokuvaaja: Eweis, Yehia
digiluokitus: digioriginaali
sisältökuvaus: Teosta valaistu normaalivalaistuksen lisäksi yläviistosta; strukruuri näkyy
digitointilaite: Hasselblad H5D-50MS
kuvankäsittelyohjelmisto: Photoshop cs6
